{"id":4993,"date":"2017-06-14T09:30:59","date_gmt":"2017-06-14T09:30:59","guid":{"rendered":"http:\/\/mirasol-centre.com\/nousite\/es\/?page_id=4993"},"modified":"2018-07-26T10:33:44","modified_gmt":"2018-07-26T10:33:44","slug":"historia-i-entorn","status":"publish","type":"page","link":"https:\/\/mirasol-centre.com\/es\/historia-i-entorn\/","title":{"rendered":"Historia y Entorno"},"content":{"rendered":"<section class=\"wpb-content-wrapper\"><p>[vc_row el_class=\u00bbp-b-lg\u00bb][vc_column][vc_column_text el_class=\u00bbfeatured lead\u00bb]Situado junto a la estaci\u00f3n de FGC de Mirasol en el municipio de <strong>Sant Cugat del Vall\u00e9s, Mira-sol Centro<\/strong> es una centralidad comercial integrada en un edificio que dispone, adem\u00e1s, de viviendas, oficinas y aparcamiento. La Centralidad Comercial ha sido promovida por la empresa municipal de Sant Cugat del Vall\u00e8s,<strong><a href=\"http:\/\/www.promusa.cat\/\">PROMUSA<\/a><\/strong> con el objeto de dar un servicio de comercio de proximidad fundamentalmente al barrios de Mirasol, Valldoreix y Can Mates.<\/p>\n<p>Actualmente la Centralidad dispone de un supermercado <strong>MERCADONA<\/strong>, un <strong>Mercado Municipal<\/strong> con una ocupaci\u00f3n del 100%, con <strong>15 paradas<\/strong> y un supermercado, y <strong>31 comercios y servicios<\/strong> distribuidos en dos plantas. Adem\u00e1s, dispone de un <strong>aparcamiento de 305 plazas<\/strong> que ofrece <strong>dos horas gratuitas<\/strong> de estacionamiento.<\/p>\n<p><strong>Mirasol Centro<\/strong> se encuentra en medio de una zona residencial, muy bien comunicado ya sea en veh\u00edculo privado o en transporte p\u00fablico, cubriendo un <strong>\u00e1rea de influencia<\/strong> de algo m\u00e1s de <strong>35.000 habitantes<\/strong>[\/vc_column_text][vc_column_text el_class=\u00bbfeatured lead\u00bb]<iframe loading=\"lazy\" src=\"http:\/\/mirasol-centre.com\/nousite\/mapa\/MIRASOLCENTRE-2017.html \" width=\"100%\" height=\"400\" frameborder=\"0\" scrolling=\"auto\"><\/iframe><\/p>\n<p><a title=\"Tour Virtual Mira-sol Centre\" href=\"https:\/\/u314387907.dl.dropboxusercontent.com\/u\/314387907\/Mira-solCentre%20NUEVO.html\">Ver Tour Virtual a pantalla completa<\/a><\/p>\n<p><a href=\"http:\/\/mirasol-centre.com\/nousite\/wp-content\/uploads\/2014\/09\/promo_05.jpg\"><img decoding=\"async\" loading=\"lazy\" class=\"wp-image-2516 size-thumbnail alignleft\" src=\"http:\/\/mirasol-centre.com\/nousite\/wp-content\/uploads\/2014\/09\/promo_05-150x150.jpg\" alt=\"promo_05\" width=\"150\" height=\"150\" \/><\/a> <a href=\"http:\/\/mirasol-centre.com\/nousite\/wp-content\/uploads\/2014\/09\/IMG_3695.jpg\"><img decoding=\"async\" loading=\"lazy\" class=\"size-thumbnail wp-image-2340 alignleft\" src=\"http:\/\/mirasol-centre.com\/nousite\/wp-content\/uploads\/2014\/09\/IMG_3695-150x150.jpg\" alt=\"Mirasol centre\" width=\"150\" height=\"150\" \/><\/a> <a href=\"http:\/\/mirasol-centre.com\/nousite\/wp-content\/uploads\/2014\/12\/mirasolcentre142.jpg\"><img decoding=\"async\" loading=\"lazy\" class=\"wp-image-2576 size-thumbnail alignleft\" src=\"http:\/\/mirasol-centre.com\/nousite\/wp-content\/uploads\/2014\/12\/mirasolcentre142-150x150.jpg\" alt=\"mirasolcentre142\" width=\"150\" height=\"150\" \/><\/a><\/p>\n<p>&nbsp;<\/p>\n<p>&nbsp;<\/p>\n<p>[\/vc_column_text][vc_separator color=\u00bbcustom\u00bb gap=\u00bbtaller\u00bb gradient=\u00bbyes\u00bb][\/vc_column][\/vc_row]<\/p>\n<\/section>","protected":false},"excerpt":{"rendered":"<p>[vc_row el_class=\u00bbp-b-lg\u00bb][vc_column][vc_column_text el_class=\u00bbfeatured lead\u00bb]Situado junto a la estaci\u00f3n de FGC de Mirasol en el municipio de Sant Cugat del Vall\u00e9s, Mira-sol Centro es una centralidad comercial integrada en un edificio [&hellip;]<\/p>\n","protected":false},"author":1,"featured_media":0,"parent":0,"menu_order":0,"comment_status":"closed","ping_status":"closed","template":"","meta":[],"_links":{"self":[{"href":"https:\/\/mirasol-centre.com\/es\/wp-json\/wp\/v2\/pages\/4993"}],"collection":[{"href":"https:\/\/mirasol-centre.com\/es\/wp-json\/wp\/v2\/pages"}],"about":[{"href":"https:\/\/mirasol-centre.com\/es\/wp-json\/wp\/v2\/types\/page"}],"author":[{"embeddable":true,"href":"https:\/\/mirasol-centre.com\/es\/wp-json\/wp\/v2\/users\/1"}],"replies":[{"embeddable":true,"href":"https:\/\/mirasol-centre.com\/es\/wp-json\/wp\/v2\/comments?post=4993"}],"version-history":[{"count":8,"href":"https:\/\/mirasol-centre.com\/es\/wp-json\/wp\/v2\/pages\/4993\/revisions"}],"predecessor-version":[{"id":6053,"href":"https:\/\/mirasol-centre.com\/es\/wp-json\/wp\/v2\/pages\/4993\/revisions\/6053"}],"wp:attachment":[{"href":"https:\/\/mirasol-centre.com\/es\/wp-json\/wp\/v2\/media?parent=4993"}],"curies":[{"name":"wp","href":"https:\/\/api.w.org\/{rel}","templated":true}]}}

<section class="wpb-content-wrapper"><p>[vc_row el_class=»p-b-lg»][vc_column][vc_column_text el_class=»featured lead»]Situado junto a la estación de FGC de Mirasol en el municipio de <strong>Sant Cugat del Vallés, Mira-sol Centro</strong> es una centralidad comercial integrada en un edificio que dispone, además, de viviendas, oficinas y aparcamiento. La Centralidad Comercial ha sido promovida por la empresa municipal de Sant Cugat del Vallès,<strong><a href="http://www.promusa.cat/">PROMUSA</a></strong> con el objeto de dar un servicio de comercio de proximidad fundamentalmente al barrios de Mirasol, Valldoreix y Can Mates.</p>
<p>Actualmente la Centralidad dispone de un supermercado <strong>MERCADONA</strong>, un <strong>Mercado Municipal</strong> con una ocupación del 100%, con <strong>15 paradas</strong> y un supermercado, y <strong>31 comercios y servicios</strong> distribuidos en dos plantas. Además, dispone de un <strong>aparcamiento de 305 plazas</strong> que ofrece <strong>dos horas gratuitas</strong> de estacionamiento.</p>
<p><strong>Mirasol Centro</strong> se encuentra en medio de una zona residencial, muy bien comunicado ya sea en vehículo privado o en transporte público, cubriendo un <strong>área de influencia</strong> de algo más de <strong>35.000 habitantes</strong>[/vc_column_text][vc_column_text el_class=»featured lead»]<iframe loading="lazy" src="http://mirasol-centre.com/nousite/mapa/MIRASOLCENTRE-2017.html " width="100%" height="400" frameborder="0" scrolling="auto"></iframe></p>
<p><a title="Tour Virtual Mira-sol Centre" href="https://u314387907.dl.dropboxusercontent.com/u/314387907/Mira-solCentre%20NUEVO.html">Ver Tour Virtual a pantalla completa</a></p>
<p><a href="http://mirasol-centre.com/nousite/wp-content/uploads/2014/09/promo_05.jpg"><img decoding="async" loading="lazy" class="wp-image-2516 size-thumbnail alignleft" src="http://mirasol-centre.com/nousite/wp-content/uploads/2014/09/promo_05-150x150.jpg" alt="promo_05" width="150" height="150" /></a> <a href="http://mirasol-centre.com/nousite/wp-content/uploads/2014/09/IMG_3695.jpg"><img decoding="async" loading="lazy" class="size-thumbnail wp-image-2340 alignleft" src="http://mirasol-centre.com/nousite/wp-content/uploads/2014/09/IMG_3695-150x150.jpg" alt="Mirasol centre" width="150" height="150" /></a> <a href="http://mirasol-centre.com/nousite/wp-content/uploads/2014/12/mirasolcentre142.jpg"><img decoding="async" loading="lazy" class="wp-image-2576 size-thumbnail alignleft" src="http://mirasol-centre.com/nousite/wp-content/uploads/2014/12/mirasolcentre142-150x150.jpg" alt="mirasolcentre142" width="150" height="150" /></a></p>
<p>&nbsp;</p>
<p>&nbsp;</p>
<p>[/vc_column_text][vc_separator color=»custom» gap=»taller» gradient=»yes»][/vc_column][/vc_row]</p>
</section>

<p>[vc_row el_class=»p-b-lg»][vc_column][vc_column_text el_class=»featured lead»]Situado junto a la estación de FGC de Mirasol en el municipio de Sant Cugat del Vallés, Mira-sol Centro es una centralidad comercial integrada en un edificio [&hellip;]</p>
